98?
57
Let a(k) = 616*k**2 - 15*k + 49. Let j be a(3). What is the highest common factor of 152 and j?
76
Suppose -2*v + 5*n + 65 = 0, 2*v = n + 14 + 55. Calculate the greatest common factor of v and 1085.
35
Let a be 43*(-146)/20 - (-2)/(-20). Let k = a - -349. Calculate the highest common divisor of k and 7.
7
Let l(i) = 6972*i**3 - i**2 + 103*i - 207. Let k be l(2). Calculate the highest common divisor of k and 43.
43
Let p(z) = -8*z**3 - 13*z**2 - 239*z - 2909. Let c be p(-12). What is the highest common factor of 86 and c?
43
Suppose 3*h = 5*h + 40. Let n be 10/h*16*(-51)/6. Let f(i) = -8*i - 5. Let w be f(-7). Calculate the highest common factor of w and n.
17
Let t = -305 + 430. Let a = 555 - t. Calculate the highest common divisor of 10 and a.
10
Suppose 13*x + 4243 = 6698 + 5917. What is the highest common divisor of 92 and x?
92
Let r(h) = -2*h + 52. Let w be r(26). Suppose w*d - 2*f = 3*d - 68, 2*f - 92 = -4*d. Suppose -d = 40*z - 43*z. Calculate the greatest common factor of 88 and z.
8
Let o(d) = 11*d - 1. Let b be o(1). Let m = -222 - -565. Let j = -323 + m. What is the greatest common divisor of j and b?
10
Let f = -5003 + 5120. Calculate the highest common divisor of 65 and f.
13
Suppose 2*i - 4036 = -2*j, 5*i - 2157 = -j + 7957. Calculate the greatest common divisor of i and 88.
88
Let u be (-1 - 1)/((-4)/8). Suppose u*c - 51 = 5. Let s = c - -26. Calculate the highest common factor of 10 and s.
10
Suppose -144*u - 572 = -145*u. Suppose -u = -7*x + 3*x - 5*q, -3*q = -4*x + 572. Calculate the greatest common factor of 13 and x.
13
Let b(y) = -y**2 + 13*y - 52. Let u be b(8). Let o be (-3 - -45)*-15*2/u. Calculate the greatest common factor of o and 15.
15
Let f be (28/(-21)*-3)/(-3*(-3)/1611). Suppose g = -g + 1800. Suppose -6*q = -4*k - 3*q + f, 5*k - g = 5*q. What is the greatest common factor of k and 22?
22
Let q = -505 - -915. Suppose -2*k = i + k - 170, -4*i = 4*k - 664. What is the greatest common divisor of q and i?
82
Suppose r = -3*t + 519, 5*t - 2*r = -3*r + 861. What is the highest common divisor of 99 and t?
9
Suppose -71*s = 381528 - 1155996. Calculate the greatest common divisor of 108 and s.
108
Suppose 60 = m - 0*m. Suppose 4*g - 9*g + m = 0. Suppose 327 = 2*c + 5*l, -c + 43*l + 168 = 47*l. Calculate the highest common factor of g and c.
12
Let v be -2 + -18 + (-13923)/(-17). Calculate the greatest common factor of v and 85.
17
Let x = -1909 - -1944. Calculate the highest common divisor of 56 and x.
7
Let t(r) = -3*r**2 + 18*r + 8. Let f be t(6). Suppose 71 = p + 3*b - 279, 3*b + 682 = 2*p. What is the greatest common divisor of p and f?
8
Suppose 128*c - 127*c + s = 68, -4*c + 297 = -s. Calculate the highest common divisor of c and 3139.
73
Suppose 5*f - 111 - 51 = -c, -5*f - 279 = -2*c. What is the highest common divisor of 1911 and c?
147
Let b be (2040/544)/((-2)/(-2024)). What is the greatest common factor of 1485 and b?
165
Suppose 0 = 2*t - 9*t - 13 + 2099. What is the greatest common divisor of 5513 and t?
149
Suppose -l = 10*l + 5*l - 2160. Calculate the highest common factor of 189 and l.
27
Suppose -10*v + 31*v + 57216 - 247728 = 0. What is the highest common divisor of v and 972?
324
Let f(r) = 50*r + 58. Let u be f(-15). Let z = -146 - u. Calculate the greatest common factor of 78 and z.
78
Suppose -77*q + 73*q = 20. Let j be (94/q)/((-39)/(-65))*-9. What is the highest common factor of j and 6?
6
Let w(o) = -o**2 - 10*o - 10. Suppose -8*v = -4*n - 3*v - 42, 26 = -4*n - 3*v. Let t be w(n). Calculate the greatest common factor of 15 and t.
3
Let x be (-830)/166 + 1365/(2 + 1). What is the greatest common factor of x and 405?
45
Let z = 6817 + -5004. What is the greatest common divisor of z and 37?
37
Suppose -1377576 = -57*c - 89*c - 25*c. What is the highest common divisor of 380 and c?
76
Suppose -11*v + 8*v - 585 = 3*k, 4*k = -2*v - 380. Let d be (-25)/v + 1/(8/503). What is the highest common factor of 7 and d?
7
Let s(t) be the first derivative of t**4/4 - 10*t**3 + 57*t**2/2 + 6*t - 78. Let y be s(28). What is the highest common factor of 170 and y?
34
Suppose -4*i = 2*l - 2078, -5*l - 1055 = -6*l - 10*i. What is the highest common divisor of l and 855?
45
Let x = 130 + -124. Suppose 1 = x*j - 5*j, -m + 4*j = -32. What is the highest common factor of m and 48?
12
Let t = -3512 - -3542. Suppose -3*q + 850 = 2*q. Calculate the greatest common divisor of t and q.
10
Let g(k) be the third derivative of k**6/120 + 7*k**5/60 - 5*k**4/12 - 19*k**3/2 + 87*k**2 + k. Let b be g(-7). What is the greatest common divisor of 13 and b?
13
Let d = -65 - -65. Suppose 3*n - b - 478 = 0, -n = b - d*b - 162. Suppose -w = -5*w + n. Calculate the highest common factor of w and 20.
20
Suppose 366 = 6*x - 96. Suppose -5*j + 183 + x = 0. Let f = 2 - -11. What is the greatest common divisor of f and j?
13
Suppose 5377 - 5461 = -2*j. Calculate the highest common factor of 29589 and j.
21
Let r(x) = -3*x - 2*x + 8*x + 1 - x. Let p be r(14). What is the highest common factor of 1 and p?
1
Suppose 3*z = -4*f - 2, -2 + 7 = -f. Let l be (-3 + 170/(-25) + -1)*-5. Calculate the highest common factor of l and z.
6
Let k(y) = 3*y**2 + 16*y + 166. Let f be k(32). Let b be (3/9)/(10/f). What is the highest common factor of 25 and b?
25
Let u be 5/((-30)/(-468))*17/(-2). Let a = u + 681. What is the highest common factor of 54 and a?
18
Suppose -94*m - 12950 = -279*m. What is the greatest common factor of m and 190?
10
Let x be ((-5)/10*15)/(1/(-2)). Suppose 2*i = x - 5. Suppose 0*o = r + o - i, -21 = -4*r - 5*o. Calculate the highest common divisor of 20 and r.
4
Let u be (154/(-49))/(2 + (-45)/21). Suppose -27*a + 1495 = -u*a. What is the greatest common factor of a and 23?
23
Let b(k) = 2*k**3 + 8*k**2 - 2*k + 5. Let t be b(-6). Let n = 1634 - 1796. Let i = t - n. What is the greatest common divisor of 70 and i?
35
Let a be (-13400)/(-30) + 4/(-6). Let g = 457 + a. Calculate the highest common divisor of g and 21.
21
Suppose 2*r = 5*j + 4, 2*r - 2*j + 13 = 17. Suppose 0 = r*o - 38 - 34. What is the highest common factor of 27 and o?
9
Suppose 4*g = -5*w + 6*g + 68, 0 = -4*w + g + 52. Let s = -383 + 557. What is the greatest common factor of w and s?
6
Let r = -566 - -569. Suppose 4*p = r*l + 159, 0 = -p - 3*p - 5*l + 151. What is the greatest common factor of 6 and p?
3
Let z(t) = 18*t**2 + 7*t - 6. Let l be z(12). Calculate the greatest common divisor of l and 30.
30
Let b = 1848 - 1726. What is the greatest common factor of b and 20679?
61
Let z(o) = 10*o**2 - 107*o + 806. Let u be z(8). Calculate the highest common divisor of u and 1357.
59
Suppose 0 = 3*l - 5*o - 404 + 138, o = 4*l - 332. Suppose l*x - 87*x + 665 = 0. Let g = 151 - x. Calculate the greatest common factor of 24 and g.
6
Let b be (-300)/(-44) - 7 - (-2040)/88. What is the highest common divisor of b and 1058?
23
Suppose -5 = -q + 44. Let o be 6*3*(4 - q/14). Calculate the highest common factor of o and 51.
3
Let c be 9 - 7/(-2)*(-18)/63. Suppose 2*p - 1176 = -3*i, -c*p = -6*p. Calculate the greatest common factor of i and 98.
98
Let q be ((-16)/12 - 2)/(9 - (-245)/(-27)). What is the greatest common factor of 480 and q?
15
Let t be 4 + -209*(3 + -2). Let z be 79833/273 + 8/14. Let o = z + t. What is the highest common factor of 132 and o?
44
Let w = -473 - -787. Let t = w - 178. Calculate the greatest common factor of 17 and t.
17
Let s(o) = -71*o - 3533. Let q be s(-50). Suppose 189 - 29 = 5*d. Let v = d + -15. What is the highest common factor of v and q?
17
Let y be 6*(-13)/((-26)/315). Suppose y = 2*t - 719. What is the highest common factor of t and 32?
32
Suppose -28*m + 4371 = 19*m. Calculate the highest common divisor of 6603 and m.
93
Let m be ((-4)/(-8))/(9/26748). Suppose 0 = 13*s + m - 3761. What is the highest common factor of 70 and s?
35
Suppose -14*t = 5*y + 11*t + 55, 0 = -2*t - 14. Calculate the greatest common divisor of y and 2232.
24
Suppose 0 = -71*h + 68*h + 15. What is the greatest common divisor of h and 245?
5
Let c(y) = 54*y + 16. Let t be 2/4*(12 - 6). Let v be c(t). Let x = v - 93. What is the highest common divisor of 17 and x?
17
Let r be (0 - -5)*(-308)/(-35). Suppose 3*c = -3*u + 336, -c - 2*u + 121 = 7. Calculate the high